= -2*v**2 - 38*v - 16. Calculate the remainder when o(-16) is divided by 12.
8
Let q be (-30)/(-10) + -2 + 1. Suppose -q*s + 126 = 30. Suppose -3*u + 79 = 4. Calculate the remainder when s is divided by u.
23
Suppose 389 = 5*y - 11*n + 14*n, 3*n = -2*y + 152. Calculate the remainder when 630 is divided by y.
77
Let w = 2 - 3. Let i = -1446 - -1479. Calculate the remainder when i is divided by (w/(-2))/(1/34).
16
Suppose -2*y - 147 = -5*q, 92 = 3*q - 5*y - 0*y. Let i = -15 + 21. Suppose 0 = -m + i*m - 80. What is the remainder when q is divided by m?
13
Suppose 11 = 2*t + 5*a, -2*t + 1 = -3*a - 2. Let v = 0 + t. Let n = 147 - 144. What is the remainder when v is divided by n?
0
Let j(k) = 6*k**3 - 12*k**2 + 12*k - 10. What is the remainder when 157 is divided by j(3)?
77
Let d = 83 + -30. What is the remainder when 94 is divided by d?
41
Let y(b) be the second derivative of b**3/2 - 9*b**2 + 2*b. What is the remainder when 43 is divided by y(9)?
7
Suppose -5*h + 814 = 4*b, h + 2*h - 489 = -3*b. Let r = h - 62. Suppose -3*y + r = 2*y. Calculate the remainder when 39 is divided by y.
19
Let y be 10/(-5) - -3*2. Let h(m) = 2*m**3 - 6*m**2 + 3*m - 5. Suppose -2*q + 18 = -2*r, 23 = 5*q + 2*r - 29. Calculate the remainder when h(y) is divided by q.
9
Suppose 12*h = 7*h + 10. What is the remainder when h/(((-4)/46)/(-1)) is divided by 8?
7
Let v = 40 - 9. Let n be (-2)/((-5)/(-5 - 0)). What is the remainder when v is divided by n/(-10) + (-156)/(-20)?
7
Let s(c) = c**3 + 10*c**2 - 29*c - 32. Calculate the remainder when 62 is divided by s(-12).
6
Let x = 383 - 350. What is the remainder when 62 is divided by x?
29
Suppose 5*a + a - 906 = 0. Let q = a - 86. Calculate the remainder when q is divided by 33.
32
Let q = 1 + 33. Let w = -109 - -116. Suppose w*y - 14 = 77. Calculate the remainder when q is divided by y.
8
Let z = 34 - 14. Let d = 16 - z. Let m = d + 21. Calculate the remainder when 67 is divided by m.
16
Let u(j) = j**2 + 3*j - 9. Calculate the remainder when 41 is divided by u(3).
5
Let b be 4/22 - 3326/22. Let x = 161 + b. What is the remainder when 59 is divided by x?
9
Suppose 0 = r + 4*v + 20 - 151, 0 = r + 3*v - 133. What is the remainder when r is divided by 8?
3
Let m(q) = -q**3 + q**2 + 9. Let j(t) = -4*t - 9. Let w be j(2). What is the remainder when 3/(15/(-10)) - w is divided by m(0)?
6
Let t(a) = -a. Let c be t(-4). Suppose -c*u - 13 = 19. Let i = 11 + u. What is the remainder when 7 is divided by i?
1
Calculate the remainder when 8/(-12)*99/(-6) is divided by ((-3)/(-2))/(((-4)/(-2))/4).
2
Suppose m - 5*i + 6 = 0, 4 + 0 = 3*m - 4*i. Suppose -m*p + 38 = -2*w - 0*w, 3*w = 2*p - 29. What is the remainder when p is divided by 7?
0
Let u(j) = 16*j - 24. Let o(r) = 7*r - 2. Let v be o(1). Calculate the remainder when u(v) is divided by 29.
27
Let n = -1 - -27. Calculate the remainder when 44 is divided by n.
18
Let l(r) = r**3 + 11*r**2 - 12*r - 1. Let n be l(-12). Let b be n/6*3*-38. Let y = b - 1. What is the remainder when 33 is divided by y?
15
Calculate the remainder when (-29)/116 - 927/(-12) is divided by 9.
5
Let m = -1235 - -1314. Let p = 14 - 4. Calculate the remainder when m is divided by p.
9
Suppose z - 9 = 4*o, 55 = 5*z + 2*o + 10. Calculate the remainder when (48/20)/(2/20) is divided by z.
6
Let a(o) = 3*o**3 + 2*o**2 - o + 1. Let z be a(3). Let b = z - 53. What is the remainder when 16 is divided by 4/(-14) + b/7?
4
Suppose 18 - 128 = -r. Let x = -63 + r. Suppose -30 = -4*b + 10. Calculate the remainder when x is divided by b.
7
Let v(y) = y**3 + 10*y**2 - 23*y + 31. Calculate the remainder when 186 is divided by v(-12).
15
Let h(t) = 36*t - 1. Let c = 3 - 2. Let b be h(c). Suppose 2*s + 3*s = b. What is the remainder when 25 is divided by s?
4
Suppose -4*b + 4*i = -1 - 27, -5*i = 2*b. Suppose -21 = -4*d + b*y, y + 0*y = 3. What is the remainder when 33 is divided by d?
6
Suppose -5*m = -m + 5*x - 97, 4*m + 3*x - 87 = 0. Calculate the remainder when 122 is divided by m.
14
Let f be 26/(-6)*(0 - -3). Suppose 3*q = -0*q - 45. Let z = f - q. Calculate the remainder when z is divided by 2.
0
Let f(o) = 8*o - 25. Let l be f(6). Suppose -2*u = -l - 13. What is the remainder when 31 is divided by u?
13
Suppose 3*c + 208 - 226 = 0. Calculate the remainder when 8 is divided by c.
2
Let i(d) = -38*d + 282. What is the remainder when 56 is divided by i(7)?
8
Let w(q) = q**3 + q**2 - 17*q - 7. Let t be w(-5). Let a(o) = -7*o - 5. Let z be a(-5). Let r = z + t. What is the remainder when 14 is divided by r?
6
Suppose 13 = -2*f + n, -5 = f + 2*n - 1. What is the remainder when 23 is divided by (-6 - -8) + f/(-1)?
7
Let g = 11 + -7. Let a(f) = 6 - f**2 - 15*f + 12*f + f**3 - 2*f**2. Calculate the remainder when a(4) is divided by g.
2
Let c(s) = -s**3 + 8*s**2 - 8*s + 7. Let n be c(7). Suppose 0 = -n*p + 2*p - 30. Let r = 22 - p. Calculate the remainder when 19 is divided by r.
5
Let g = -2296 - -2366. Suppose -9*t + 4*t + 95 = 0. What is the remainder when g is divided by t?
13
Suppose 4*k = 9*k - 175. Let s(l) = 2*l + 17. Suppose -23 = 6*t + 1. What is the remainder when k is divided by s(t)?
8
Let s(j) = 73*j + 48. Calculate the remainder when s(3) is divided by 10.
7
Suppose o + 3*z = 285, -9*o = -6*o + 4*z - 875. What is the remainder when o is divided by 13?
11
Suppose t + 88 = 5*t. Suppose 3*x = x - t. Let c = x + 16. What is the remainder when 8 is divided by c?
3
What is the remainder when 263 is divided by (2 + (-13)/12*3)*-68?
8
Let r = 57 + -30. Let u = 27 - -8. Suppose -3*j - 3*q + 57 = 0, -3*j - 2*q + u = -18. What is the remainder when r is divided by j?
12
Let u = -430 + 761. Calculate the remainder when u is divided by 317.
14
Let s(x) = -x**2 - 8*x - 5. Let c be 2 + 2 - 2 - 8. What is the remainder when s(c) is divided by 7?
0
Suppose 4*u + 0*c - 252 = 4*c, 0 = -4*c - 4. What is the remainder when u is divided by 16?
14
Suppose 3*l - 3*w - 18 - 9 = 0, -5*l - 5*w + 95 = 0. Let p = l + -10. Suppose p*h = 3*h + 5. Calculate the remainder when 9 is divided by h.
4
Let w = -20 - -27. Suppose -w*t + 1008 = -2*t + 2*r, -4 = 4*r. Suppose 3*i = a + 4*i - 70, i - t = -3*a. Calculate the remainder when a is divided by 23.
20
Let r be 354 - 6/(36/(-6)). Suppose 7*v = 12*v - r. Calculate the remainder when v is divided by 18.
17
Let l = -294 + 540. What is the remainder when l is divided by 31?
29
Let p = 20 + 67. Let v(y) = -12*y + 130. What is the remainder when p is divided by v(9)?
21
Let n be 24/4 + (-1 - 3). Suppose -v + 3*c - 1 = 0, 6*v - n*v - 60 = -4*c. What is the remainder when v is divided by 2?
1
Suppose 2*y = -13*l + 18*l + 27, 0 = 5*l + 5. What is the remainder when 33 is divided by y?
0
Suppose 7*u = -370 + 1014. Calculate the remainder when u is divided by 19.
16
Let u be (326/(-4))/((-7)/70). Suppose -12*y = -7*y - u. What is the remainder when y is divided by 42?
37
Let x = 4 + -6. Suppose -140 = 5*q - 2*l, 0 = 6*q - q + l + 140. Calculate the remainder when 26 is divided by (q/6)/(x/6).
12
Let v(t) = 11*t + 138. Calculate the remainder when v(16) is divided by 15.
14
Suppose 2*w = -4*q + 2574, 0 = q + 5*w - 139 - 527. What is the remainder when q is divided by 7?
4
Let y(i) = -i**3 + 6*i**2 + 6*i - 11. Let t be y(8). Let g be (-208)/t - (-2)/(-7). Suppose -2*d = -g - 2. What is the remainder when 3 is divided by d?
1
Suppose 7*p - 74 = 3. Let i(y) = 2*y + 13. Let w be i(p). Suppose 4*k + 59 - 163 = 4*m, k - 4*m = w. What is the remainder when k is divided by 8?
7
Let u = -29 + 29. Suppose 2*s - 6*s + 204 = u. Calculate the remainder when s is divided by 14.
9
Suppose 5*r = -96 - 114. Let t = 46 + -105. Let f = r - t. Calculate the remainder when 50 is divided by f.
16
Let v be ((-6)/5)/(3 + 153/(-45)). Suppose p = v*i, -i + 0*i = 2*p - 7. Calculate the remainder when 10 is divided by p.
1
Suppose 5*h + p = 129, 5*p = 2*h + 4*p - 53. Suppose 5*g - 97 = -0*z - 4*z, -4*g - 42 = -2*z. Calculate the remainder when z is divided by h/(-221) - (-104)/17.
5
Let f(t) = 18*t + 12. Let d be f(19). Suppose 3*v - d = -u, 4*u + 32 = 4*v - 440. Calculate the remainder when v is divided by 24.
22
Let d be 2/(-8) + 38/(-8). Let h(g) = g**3 + 5*g**2 - g + 5. Let w be h(d). Suppose w*o = 7*o + 12. What is the remainder wh